is the hundreds digit of 82024?
0
What is the thousands digit of 3914?
3
What is the tens digit of 705?
0
What is the tens digit of 35339?
3
What is the tens digit of 5036?
3
What is the thousands digit of 15153?
5
What is the tens digit of 2773?
7
What is the tens digit of 6501?
0
What is the hundreds digit of 115189?
1
What is the tens digit of 730?
3
What is the units digit of 91746?
6
What is the ten thousands digit of 10820?
1
What is the units digit of 16467?
7
What is the units digit of 9931?
1
What is the hundreds digit of 135081?
0
What is the tens digit of 64?
6
What is the hundreds digit of 5905?
9
What is the tens digit of 13404?
0
What is the units digit of 2050?
0
What is the tens digit of 101663?
6
What is the hundreds digit of 44055?
0
What is the tens digit of 24796?
9
What is the hundreds digit of 231?
2
What is the units digit of 3560?
0
What is the units digit of 4568?
8
What is the thousands digit of 1096?
1
What is the hundreds digit of 1468?
4
What is the thousands digit of 2097?
2
What is the units digit of 1637?
7
What is the ten thousands digit of 185623?
8
What is the thousands digit of 17588?
7
What is the tens digit of 287?
8
What is the thousands digit of 6372?
6
What is the ten thousands digit of 90933?
9
What is the hundreds digit of 3831?
8
What is the tens digit of 4656?
5
What is the hundreds digit of 23331?
3
What is the units digit of 18377?
7
What is the thousands digit of 9037?
9
What is the hundreds digit of 6591?
5
What is the tens digit of 64960?
6
What is the thousands digit of 1573?
1
What is the units digit of 944?
4
What is the tens digit of 1438?
3
What is the units digit of 15757?
7
What is the units digit of 60?
0
What is the ten thousands digit of 49691?
4
What is the hundred thousands digit of 125656?
1
What is the hundreds digit of 87992?
9
What is the units digit of 44804?
4
What is the tens digit of 7198?
9
What is the hundred thousands digit of 108966?
1
What is the hundreds digit of 108?
1
What is the thousands digit of 2332?
2
What is the hundreds digit of 618?
6
What is the hundreds digit of 431?
4
What is the thousands digit of 1026?
1
What is the hundreds digit of 13734?
7
What is the thousands digit of 2287?
2
What is the thousands digit of 1580?
1
What is the thousands digit of 10547?
0
What is the tens digit of 1400?
0
What is the hundreds digit of 2068?
0
What is the hundreds digit of 16491?
4
What is the tens digit of 944?
4
What is the hundreds digit of 11518?
5
What is the thousands digit of 17395?
7
What is the hundreds digit of 10015?
0
What is the units digit of 95355?
5
What is the hundreds digit of 2106?
1
What is the hundreds digit of 45668?
6
What is the tens digit of 763?
6
What is the units digit of 7517?
7
What is the thousands digit of 8270?
8
What is the units digit of 28392?
2
What is the hundreds digit of 4917?
9
What is the hundreds digit of 8135?
1
What is the units digit of 1835?
5
What is the thousands digit of 7880?
7
What is the ten thousands digit of 15533?
1
What is the hundreds digit of 4724?
7
What is the tens digit of 5807?
0
What is the tens digit of 4943?
4
What is the units digit of 1641?
1
What is the units digit of 721?
1
What is the units digit of 3136?
6
What is the hundreds digit of 201?
2
What is the hundreds digit of 61891?
8
What is the tens digit of 987?
8
What is the hundreds digit of 93912?
9
What is the tens digit of 490?
9
What is the units digit of 355?
5
What is the tens digit of 21943?
4
What is the tens digit of 7293?
9
What is the hundreds digit of 6018?
0
What is the tens digit of 700?
0
What is the thousands digit of 1163?
1
What is the hundred thousands digit of 114151?
1
What is the ten thousands digit of 31331?
3
What is the tens digit of 47877?
7
What is the thousands digit of 3238?
3
What is the units digit of 14158?
8
What is the units digit of 19335?
5
What is the hundreds digit of 1253?
2
What is the units digit of 1426?
6
What is the units digit of 1921?
1
What is the units digit of 930?
0
What is the thousands digit of 29462?
9
What is the hundreds digit of 26979?
9
What is the units digit of 120?
0
What is the tens digit of 3628?
2
What is the thousands digit of 24068?
4
What is the units digit of 87207?
7
What is the hundreds digit of 1539?
5
What is the units digit of 1561?
1
What is the hundreds digit of 6415?
4
What is the tens digit of 20717?
1
What is the hundreds digit of 104?
1
What is the hundreds digit of 15983?
9
What is the ten thousands digit of 16687?
1
What is the ten thousands digit of 101728?
0
What is the units digit of 10174?
4
What is the units digit of 9183?
3
What is the thousands digit of 1647?
1
What is the hundreds digit of 1812?
8
What is the thousands digit of 23838?
3
What is the hundreds digit of 4448?
4
What is the hundreds digit of 32956?
9
What is the thousands digit of 17078?
7
What is the hundreds digit of 449?
4
What is the hundreds digit of 4567?
5
What is the tens digit of 425?
2
What is the units digit of 8665?
5
What is the units digit of 777?
7
What is the thousands digit of 7926?
7
What is the thousands digit of 1848?
1
What is the hundreds digit of 15814?
8
What is the units digit of 177?
7
What is the tens digit of 783?
8
What is the hundreds digit of 24595?
5
What is the hundreds digit of 30154?
1
What is the tens digit of 6122?
2
What is the tens digit of 1487?
8
What is the hundreds digit of 3553?
5
What is the hundreds digit of 9342?
3
What is the tens digit of 1768?
6
What is the tens digit of 5863?
6
What is the tens digit of 1092?
9
What is the thousands digit of 26899?
6
What is the tens digit of 7607?
0
What is the thousands digit of 1300?
1
What is the thousands digit of 127314?
7
What is the hundreds digit of 423?
4
What is the units digit of 1620?
0
What is the tens digit of 2632?
3
What is the units digit of 3751?
1
What is the hundreds digit of 235?
2
What is the tens digit of 162897?
9
What is the hundreds digit of 6393?
3
What is the hundreds digit of 1752?
7
What is the hundreds digit of 12863?
8
What is the ten thousands digit of 28919?
2
What is the tens digit of 77?
7
What is the units digit of 4626?
6
What is the tens digit of 77180?
8
What is the units digit of 1038?
8
What is the units digit of 120118?
8
What is the hundreds digit of 31497?
4
What is the units digit of 50?
0
What is the hundreds digit of 384?
3
What is the thousands digit of 1784?
1
What is the tens digit of 292?
9
What is the hundreds digit of 11675?
6
What is the thousands digit of 2880?
2
What is the hundreds digit of 1283?
2
What is the hundreds digit of 18151?
1
What is the tens digit of 12945?
4
What is the hundreds digit of 43923?
9
What is the hundreds digit of 1080?
0
What is the thousands digit of 1049?
1
What is the units digit of 1289?
9
What is the hundreds digit of 130?
1
What is the hundreds digit of 276?
2
What is the units digit of 4874?
4
What is the thousands digit of 80385?
0
What is the tens digit of 542?
4
What is the hundreds digit of 7335?
3
What is the thousands digit of 6732?
6
What is the hundreds digit of 415?
4
What is the thousands digit of 22695?
2
What is the hundreds digit of 443?
4
What is the tens digit of 23915?
1
What is the units digit of 5995?
5
What is the tens digit of 732?
3
What is the units digit of 589?
9
What is the units digit of 33962?
2
What is the units digit of 2498?
8
What is the ten thousands digit of 14954?
1
What is the hundreds digit of 9319?
3
What is the units digit of 7340?
0
What is the units digit of 6885?
5
What is the units digit of 1602?
2
What is the tens digit of 1538?
3
What is the thousands digit of 6679?
6
What is the units digit of 727?
7
What is the hundreds digit of 3369?
3
What is the ten thousands digit of 24732?
2
What is the hundreds digit of 6340?
3
What is the tens digit of 421?
2
What is the units digit of 41679?
9
What is the units digit of 111?
1
What is the hundreds digit of 4359?
3
What is the thousands digit of 3318?
3
What is the tens digit of 1979?
7
What is the units digit of 4038?
8
What is the units digit of 3188?
8
What is the units digit of 1004?
4
What is the hundreds digit of 1955?
9
What is the thousands digit of 29669?
9
What is the units digit of 45312?
2
What is the units digit of 122659?